{"id":384,"date":"2020-04-23T17:22:46","date_gmt":"2020-04-23T17:22:46","guid":{"rendered":"https:\/\/lacostaiola.oltrepoacasatua.it\/?post_type=product&#038;p=384"},"modified":"2020-04-23T17:22:46","modified_gmt":"2020-04-23T17:22:46","slug":"pinot-nero-metodo-classico-brut-rose","status":"publish","type":"product","link":"https:\/\/lacostaiola.oltrepoacasatua.it\/index.php\/prodotto\/pinot-nero-metodo-classico-brut-rose\/","title":{"rendered":"Pinot Nero Metodo Classico Brut Ros\u00e8"},"content":{"rendered":"<p><strong>PINOT NERO METODO CLASSICO BRUT ROSE\u2019.<\/strong> Rossetti &amp; Scrivani Brut Ros\u00e8 \u00e8 lo spumante ottenuto da uve Pinot Nero coltivate nei vigneti della nostra tenuta sita nel comune di Montebello della Battaglia (PV), eseguendo lavorazioni e trattamenti ridotti (agricoltura a basso impatto ambientale).<\/p>\n<p><strong>TAPPO<\/strong>: Sughero qualit\u00e0 superiore<br \/>\n<strong>GRADAZIONE<\/strong>: 12,5 % Vol<br \/>\n<strong>VENDEMMIA<\/strong>: Raccolta a mano, in casse, la seconda settimana di agosto.<\/p>\n<p><strong>VINIFICAZIONE<\/strong>: Pressatura soffice con separazione delle bucce dopo breve sosta e resa in mosto del 50%, fermentazione in purezza con lieviti selezionati a temperatura controllata in vasca d\u2019acciaio. Successiva presa di spuma in bottiglia con lieviti selezionati ed affinamento per almeno 30 mesi sui lieviti trascorsi i quali la sboccatura e il dosaggio della liqueur completano la naturale evoluzione del prodotto.<\/p>\n<p><strong>CONSIDERAZIONI<\/strong>: E&#8217; un vino spumante di colore rosa tenue con riflessi caratteristici, dalla spuma persistente e ampia, il perlage \u00e8 fine e continuo; al naso si presenta mediamente evoluto di buona intensit\u00e0, si riconoscono sentori di piccoli frutti rossi e crosta di pane. Il gusto \u00e8 fresco, sapido e dotato di buon corpo. Aperitivo ideale, pu\u00f2 essere accostato a piatti a base di pesce e crostacei. Ottimo con risotti ai frutti di mare. Tra i secondi piatti, grigliate e fritture di mare. Da provare a tutto pasto anche con carni bianche<\/p>\n<p><strong>TEMPERATURA DI SERVIZIO<\/strong>: 8-10 \u00b0 C.<\/p>\n","protected":false},"excerpt":{"rendered":"<p><strong>Rossetti &amp; Scrivani Brut Ros\u00e8 \u00e8 lo spumante ottenuto da uve Pinot Nero coltivate nei vigneti della nostra tenuta sita nel comune di Montebello della Battaglia (PV), eseguendo lavorazioni e trattamenti ridotti (agricoltura a basso impatto ambientale).<\/strong><\/p>\n","protected":false},"featured_media":361,"comment_status":"open","ping_status":"closed","template":"","meta":{"_monsterinsights_skip_tracking":false,"_monsterinsights_sitenote_active":false,"_monsterinsights_sitenote_note":"","_monsterinsights_sitenote_category":0},"jetpack_sharing_enabled":true,"jetpack_likes_enabled":true,"_links":{"self":[{"href":"https:\/\/lacostaiola.oltrepoacasatua.it\/index.php\/wp-json\/wp\/v2\/product\/384"}],"collection":[{"href":"https:\/\/lacostaiola.oltrepoacasatua.it\/index.php\/wp-json\/wp\/v2\/product"}],"about":[{"href":"https:\/\/lacostaiola.oltrepoacasatua.it\/index.php\/wp-json\/wp\/v2\/types\/product"}],"replies":[{"embeddable":true,"href":"https:\/\/lacostaiola.oltrepoacasatua.it\/index.php\/wp-json\/wp\/v2\/comments?post=384"}],"wp:featuredmedia":[{"embeddable":true,"href":"https:\/\/lacostaiola.oltrepoacasatua.it\/index.php\/wp-json\/wp\/v2\/media\/361"}],"wp:attachment":[{"href":"https:\/\/lacostaiola.oltrepoacasatua.it\/index.php\/wp-json\/wp\/v2\/media?parent=384"}],"curies":[{"name":"wp","href":"https:\/\/api.w.org\/{rel}","templated":true}]}}